*n. Let g(y) = -9*y**3 - y. Let w(r) = -43*r**3 + 5*r**2 - 2*r + 1. Let x(k) = 5*g(k) - w(k). Calculate x(n).
17
Suppose 4*x - 80 = 3*h - 55, -3*h - 3*x + 3 = 0. Let y(w) be the second derivative of w**5/20 + w**4/3 - w**3/6 - 3*w**2/2 - 2*w. Give y(h).
9
Let r(l) = 1765*l**2 - 1763*l**2 + 6*l + 0 - 2. Calculate r(-7).
54
Suppose -742*o = -747*o + 4*c - 25, -4*o + 16 = 4*c. Let u(i) be the second derivative of i**3/3 + i**2 - i. Calculate u(o).
0
Let s(n) = -4*n**2 - 6. Suppose -9*z - 133 = 39*z + 11. Determine s(z).
-42
Let s(y) = -4*y - 3. Let r = 4219 + -4225. What is s(r)?
21
Let x = 15150 + -15172. Let d(p) = p + 14. Determine d(x).
-8
Let g(x) = x**3 - 2*x. Let p(j) = 2*j**3 - 4*j**2 - 7*j - 4. Let k(d) = g(d) - p(d). Let f = 17 + -12. Let r be f/(-3*3/(-9)). Give k(r).
4
Let s = 19 - 7. Suppose 2*u + 4*g - s = 0, 5*u - 6 = -2*g + 8. Let n(h) = -1 + 203*h**2 - h**3 - 70*h**2 + 2*h + h - 58*h**2 - 74*h**2. Calculate n(u).
1
Let i(p) be the second derivative of p**5/20 - 7*p**4/12 + 4*p**3/3 - 10*p - 1. Let q be 12*((-2)/(-8) - 0). Let z be 2 + 7 + q + -6. Determine i(z).
12
Let s be (240/22 - 2) + (-2)/(-22). Let j(c) = c**2 - 11*c + 11. Determine j(s).
-7
Let z(m) = -m**2 + 34. Let o be 97/(-194)*(1 + (-2)/(0 + 2)). Give z(o).
34
Let l(y) = y**2 - 20*y + 31. Let c be ((-2)/(8/36))/((-4)/(-8) - 1). Determine l(c).
-5
Let t(j) = j**2 - 6*j - 8. Suppose 63*u - 162 = 36*u. Give t(u).
-8
Let x(s) = -9*s**2 + 4*s - 2. Let k(o) = o**2 + 23*o - 48. Let f be k(-25). Suppose -5*g = u + 4 + 5, -44 = 3*u - f*g. Let r be (-21)/u - 2/(-4). Give x(r).
-30
Let f = 1112 + -738. Let i = f - 356. Let k(h) = -h**3 + 19*h**2 - 18*h - 3. Give k(i).
-3
Let p(j) be the second derivative of -j**4/24 + j**3/2 - 33*j**2/2 + 7*j - 2. Let i(h) be the first derivative of p(h). Determine i(5).
-2
Suppose 4*o + u = -30, 691*o - 693*o = -5*u + 4. Let m(l) = 3*l**2 + 21*l + 6. What is m(o)?
6
Let c be 277/(-15) - 18/135 - 81/(-135). Let z(q) = q - 41. Determine z(c).
-59
Let q = -33 - -38. Suppose -w + 0*s + 1 = s, 8 = 2*w + q*s. Let v(j) = 7*j**2 - 4*j + 2. Let r(t) = -t**2 + t - 1. Let i(l) = w*v(l) - 6*r(l). Give i(-4).
-4
Let j(y) = -y**2 + 15*y - 32. Let b be 29/174 - 213/(-18). Calculate j(b).
4
Let z be (-36)/(-8) + (-21)/14. Let u be 112/21 - 1/z. Let b(c) = -c**2 + 2*c - 4. Calculate b(u).
-19
Let z(p) = -521*p**2 + 183*p**2 + 170*p**2 + 16*p + p**3 - 33 + 187*p**2. Determine z(-18).
3
Let l(v) = 2*v + 2*v**2 + 0*v - 7842 - v + 7834. What is l(3)?
13
Let w(j) = j**2 + 3*j - 3 + 2*j - j**3 + 4*j**2 + 2*j**3. Let x(t) = 3*t**2 - 9*t - 4. Let r be x(0). Calculate w(r).
-7
Let d = -3777 + 3786. Let l(k) = -3*k + 1. Let n(i) = i. Let r(z) = -2*l(z) - 5*n(z). Calculate r(d).
7
Let b(s) be the second derivative of -s**5/20 + 2*s**4/3 + 11*s**3/3 - 9*s**2 - 6*s - 98. What is b(10)?
2
Let f(t) = -4*t**3 - 2*t**2 + 5*t - 2. Suppose -3*n - 94*j = -92*j - 5, 6 = n + 5*j. Give f(n).
-3
Let d(h) = 9*h**3 + h**2 + h - 1. Suppose 16 = -6*r + 40. Suppose -r*c - 4*g + 40 = -36, -4*g = -3*c + 29. Suppose -c*y = -18*y + 3. Determine d(y).
10
Let w = 154 + -167. Let a(s) = -29*s - 23. Let m(j) = 22*j + 22. Let q(c) = 3*a(c) + 4*m(c). Give q(w).
6
Let j = 676 + -659. Let s(g) = -23 + 2*g - 5*g - g + 2*g - j. Determine s(-20).
0
Let d(g) be the second derivative of g**3/2 + 5*g**2/2 - 2*g. Let n be -2 - (2 + -6) - (11 + -9). Suppose -4*c - 24 = -4*t, -22 = 4*c - 2*t - n. What is d(c)?
-10
Let r = -273 - -277. Suppose 0 = -r*s + 2*x - 6*x + 12, -3*x = 4*s - 11. Let o(m) = -m**2 + 2*m - 3. Calculate o(s).
-3
Suppose -3*x + 1 = -2*i - 29, -2*x + 25 = -3*i. Let h(r) = -r**2 + 4*r + 7. Give h(x).
-25
Let o(c) = c**2 - 6*c - 5. Let f = -533 - -536. Suppose -f*b + 33*d = 37*d - 18, -2*b + d + 12 = 0. Give o(b).
-5
Let s(c) = -11*c**3 - 12*c + 11. Let v be s(1). Let a(n) = -n**3 - 14*n**2 - 16*n + 7. Determine a(v).
-89
Let h(u) = -u - 1. Suppose -169*v = -164*v - 15. Let z be (-1)/v*3 + 4. Determine h(z).
-4
Suppose 10 = -42*g - 18*g + 250. Let n(c) = -3*c + 11. Calculate n(g).
-1
Let u = -738 - -741. Suppose -u*o = -46*r + 44*r + 1, -4*r + 7 = -o. Let d(a) = 11*a**2 + a - 1. Calculate d(o).
11
Suppose -5*g - 3*j + 21 = -38, 3*j = 4*g - 58. Let o(q) = -q**2 + 11*q. Give o(g).
-26
Let w(o) = o + 7. Let b = -21602 - -21615. Give w(b).
20
Suppose -i + 4*k = -38, -k = -8*i + 7*i + 26. Suppose -8*z + i*z = -70. Let c(s) = 12*s + 7. Calculate c(z).
-53
Let o(x) be the third derivative of x**4/3 + x**3/2 + 246*x**2. Give o(-2).
-13
Let b(x) = -x**3 - x**2 - x - 2. Let p be 1/(2/12*(4 - 1)). Suppose p*v + 11 = 3*a, -2*a - v + 8 = -2*v. Suppose 3 - a = k. What is b(k)?
4
Let h(z) = -3*z**3 - 3*z - 2*z**2 + 0*z**3 + 4*z**3 + 6*z. Let l(r) = -2*r**3 + 6*r**2. Let a be l(3). Let g be 5 + -5 - (1 - (a + 3)). Give h(g).
6
Let j(p) be the first derivative of p**2/2 + 16*p + 13. Let v be j(-12). Suppose -v*n + 5 = 2*y - 3, y - 3*n = -1. Let z(t) = 3*t**2 + 2*t. Give z(y).
16
Let w(k) = k**3 - 20*k**2 - 66*k - 56. Let g be w(23). Let c(t) = -8*t**2 + g*t + 19*t - 38*t + t**3 - 2*t**3 - 1. Calculate c(-7).
-8
Let w(g) = g**2 - 12*g - 32. Let s be w(14). Let j(o) = -5*o**2 - 5*o - 4. Let z(p) = p**2 + p. Suppose 19 = u + 25. Let d(m) = u*z(m) - j(m). What is d(s)?
-8
Let m(b) = 3*b + 4*b**3 - 3*b**3 + 2*b**2 + 617 - 6*b**3 + 4*b**3 - 620. Give m(0).
-3
Let y(i) = -i**3 + 5*i**2 - 8*i + 34. Let v = -9623 - -9627. Give y(v).
18
Let n be 8/3*7/(-112)*36. Let b(u) = 4*u**2 + 11*u - 13. Determine b(n).
65
Let h(i) = 2 + 6 + 10 - i - 23. Let b(c) = c**3 - 12*c**2. Let r be b(12). Suppose y + r*y + 1 = 2*j, -j - 3*y = 3. What is h(j)?
-5
Let v(w) = 4 + 351*w + 2 + 161*w - 504*w. What is v(0)?
6
Let j(p) = p**2 + 5*p + 1. Suppose -88 = 7*o + 4*o. Let g be (o + (-5 - -7))*(-4)/(-12). What is j(g)?
-5
Let l(r) = -4*r + 38. Let g be l(10). Let f be (-1)/(g/(-14)*-1). Let n(h) = -h**3 + 8*h**2 - 8*h + 2. Give n(f).
-5
Let n be (-1455)/(7/((-14)/6)). Let v = n + -480. Let i(b) = 2*b**2 - b + 3. Determine i(v).
48
Let x be ((-5)/10)/((-1)/(-172)). Let v = x - -88. Let k(g) = -7*g - 5*g**2 + 5*g**3 + 9*g**v - 4*g**3 + 1. Determine k(-5).
11
Let x(v) = -34*v + 818. Suppose 4*f = -d + 88, -4*f + 65*d + 64 = 69*d. Determine x(f).
2
Let v(c) = 13*c**2 - 38*c - 114. Let i(x) = -2*x**2 + 6*x + 18. Let w(h) = -38*i(h) - 6*v(h). Suppose -1 = 5*f + 4. Calculate w(f).
-2
Let a(v) = -2*v**3 - v. Suppose -k = 5*t - 170, -t - 4*t - 3*k + 160 = 0. Suppose y - t = -4*y. Suppose -y*x + x - 6 = 0. Give a(x).
3
Let f(d) be the first derivative of -7*d**4/4 - d**3/3 - d**2 - d - 3. Let m be (1 - 3)*-6 + -4. Suppose 1 = m*y - 9*y. What is f(y)?
7
Let c(x) = -x**2 - 134*x + 4725. Let p be c(29). Let m(v) = 19*v - 31. What is m(p)?
-69
Let k(s) be the first derivative of s**4/8 + 4*s**3/3 - 5*s**2 - 7*s + 102. Let j(u) be the second derivative of k(u). Give j(-7).
-13
Let v(t) = -14*t + 142. Let g(n) = 5*n - 52. Let k(s) = -11*g(s) - 4*v(s). Determine k(0).
4
Suppose 5*v - 1320 = -3*w + 273, -3*v = 3*w - 957. Let y be v/27 - (14/18 - 1). Let b(a) = y - 25 - 4*a + 2*a + 16. Determine b(-3).
9
Let v(c) = 29*c**2 + c - 1. Suppose -p = -5*a + 8, -2*a - 3*p - 2 = 5. Give v(a).
29
Let s(p) = -p**2 - 9*p - 5. Let j(l) = l**2 + 8*l + 4. Let k(z) = 4*j(z) + 3*s(z). Suppose 0 = 3*v - 368 - 547. Let f = v + -312. Calculate k(f).
15
Let g(i) = -9*i**2 + 10*i - 3. Let l(q) = -3*q**2 + 3*q. Let r(x) = 2*g(x) - 9*l(x). What is r(-1)?
10
Let o = 128 - 131. Let q = -6 - o. Let v(z) = -3*z + 2. What is v(q)?
11
Let v(k) = -5*k**2 + k + 1. Suppose 0 = 14*p - 11 - 3. Suppose -p = -21*m + 22*m. What is v(m)?
-5
Suppose -13*w + 11*w = 2*m - 12, 0 = 5*m - w - 18. Let p(b) = -3*b**3 + 12*b**2 + 3*b - 10. Determine p(m).
2
Let v = -3 - -19. Suppose -8*r = -12*r - v. Let j(g) = -g**2 - 4*g - 6. Let d(t) = t. Let z(m) = -2*d(m) + j(m). Calculate z(r).
2
Suppose -1042 = 223*m + 17*m - 5362. Let w(z) = z**2 - 11*z - 129. Determine w(m).
-3
Let i = 69 - 98. Let b = i + 26. Let p = 4 - b. Let t(x) = -x**3 + 8*x**2 - 7*x - 2. Calculate t(p).
-2
Let p(w) = w**3 + 7*w**2 - 9*w - 17. Let n be -7 + 8*(-11)/(-88) - 2/1. Give p(n).
-9
Let m(a) = a**2 - 2. Let p be (-5)/(-6) + (-715)/(-78). Let j be (6/(-10))/(2/p). Give m(j).
7
Let q be (-17 - -3)*14/49 + 1254. Suppose -q*v = -1